573 is divided by 3688?
3429
What is the remainder when 1267678 is divided by 3?
1
Calculate the remainder when 2288266 is divided by 381307.
424
What is the remainder when 2074986 is divided by 259366?
58
What is the remainder when 12511596 is divided by 9?
3
What is the remainder when 66745 is divided by 309?
1
What is the remainder when 44256381 is divided by 2517?
2487
Calculate the remainder when 3335465 is divided by 10.
5
What is the remainder when 20037180 is divided by 523?
4
Calculate the remainder when 2265140 is divided by 90.
20
Calculate the remainder when 4200989 is divided by 525123.
5
Calculate the remainder when 119236802 is divided by 28102.
16
Calculate the remainder when 927117 is divided by 71.
70
What is the remainder when 90242 is divided by 29493?
1763
What is the remainder when 12373140 is divided by 6186569?
2
What is the remainder when 38365 is divided by 38349?
16
What is the remainder when 155307 is divided by 4772?
2603
What is the remainder when 6644201 is divided by 6644197?
4
Calculate the remainder when 129991 is divided by 104.
95
What is the remainder when 673042 is divided by 375?
292
What is the remainder when 1886030 is divided by 2704?
1342
Calculate the remainder when 8305037 is divided by 748.
741
Calculate the remainder when 1495542 is divided by 4097.
137
Calculate the remainder when 1243 is divided by 113.
0
What is the remainder when 53772886 is divided by 247?
245
What is the remainder when 288 is divided by 129?
30
What is the remainder when 44709350 is divided by 14973?
14945
What is the remainder when 4424889 is divided by 9988?
205
Calculate the remainder when 1430168 is divided by 30429.
5
Calculate the remainder when 3631643 is divided by 510.
443
Calculate the remainder when 182761108 is divided by 27.
25
What is the remainder when 7704748 is divided by 35836?
8
What is the remainder when 210927 is divided by 2219?
122
What is the remainder when 2666339 is divided by 11?
5
Calculate the remainder when 2395436 is divided by 3378.
434
What is the remainder when 1147215 is divided by 5371?
3192
Calculate the remainder when 2233367 is divided by 106304.
983
Calculate the remainder when 10153494 is divided by 3384491.
21
Calculate the remainder when 462630 is divided by 10664.
4078
What is the remainder when 63673125 is divided by 101?
99
Calculate the remainder when 62673 is divided by 1752.
1353
What is the remainder when 505403 is divided by 721?
703
Calculate the remainder when 962632 is divided by 467.
145
Calculate the remainder when 260139 is divided by 51984.
219
Calculate the remainder when 123977 is divided by 560.
217
What is the remainder when 11792 is divided by 11214?
578
Calculate the remainder when 7876149 is divided by 63009.
24
Calculate the remainder when 145928 is divided by 34951.
6124
Calculate the remainder when 497753 is divided by 30.
23
Calculate the remainder when 20067647 is divided by 4130.
4107
What is the remainder when 106657 is divided by 35270?
847
Calculate the remainder when 256492 is divided by 320.
172
What is the remainder when 80273 is divided by 40064?
145
What is the remainder when 574627 is divided by 825?
427
Calculate the remainder when 694319 is divided by 3693.
35
Calculate the remainder when 4753807 is divided by 53.
25
Calculate the remainder when 5613217 is divided by 170.
157
Calculate the remainder when 12827013 is divided by 262.
17
What is the remainder when 90493 is divided by 3984?
2845
What is the remainder when 4306479 is divided by 825?
804
Calculate the remainder when 2709959 is divided by 903316.
11
Calculate the remainder when 1645865340 is divided by 19.
11
Calculate the remainder when 558671 is divided by 62.
51
Calculate the remainder when 18012 is divided by 272.
60
Calculate the remainder when 1110539 is divided by 79207.
1641
What is the remainder when 18779441 is divided by 4270?
4251
Calculate the remainder when 4890958 is divided by 12872.
12470
What is the remainder when 583035790 is divided by 22?
18
What is the remainder when 31329 is divided by 6254?
59
Calculate the remainder when 29090928 is divided by 1222.
1218
What is the remainder when 925973 is divided by 925919?
54
What is the remainder when 169785 is divided by 17247?
14562
What is the remainder when 286175 is divided by 142030?
2115
Calculate the remainder when 227605 is divided by 75265.
1810
Calculate the remainder when 403230 is divided by 1666.
58
What is the remainder when 511152197 is divided by 200?
197
What is the remainder when 16796691 is divided by 146?
121
Calculate the remainder when 24177539 is divided by 212.
211
Calculate the remainder when 26818927 is divided by 68.
67
What is the remainder when 220961479 is divided by 10865?
10839
What is the remainder when 168645 is divided by 2372?
233
What is the remainder when 1492633 is divided by 173?
162
What is the remainder when 12488625 is divided by 3122140?
65
Calculate the remainder when 17989647 is divided by 3278.
3261
Calculate the remainder when 58953952 is divided by 63734.
2
What is the remainder when 31246 is divided by 15466?
314
Calculate the remainder when 1785231 is divided by 23.
17
What is the remainder when 3272906 is divided by 1090780?
566
What is the remainder when 646207 is divided by 95?
17
Calculate the remainder when 177088188 is divided by 11002.
10998
What is the remainder when 70748 is divided by 7660?
1808
What is the remainder when 2651672 is divided by 199?
196
What is the remainder when 45983 is divided by 11492?
15
Calculate the remainder when 7740433 is divided by 196.
1
What is the remainder when 80657778 is divided by 2590?
2588
Calculate the remainder when 71407025 is divided by 18826.
7
What is the remainder when 21571856 is divided by 71?
68
What is the remainder when 91217 is divided by 11378?
193
Calculate the remainder when 85459847 is divided by 40.
7
Calculate the remainder when 42534162 is divided by 30889.
9
What is the remainder when 1466614 is divided by 1260?
1234
What is the remainder when 176526 is divided by 43322?
3238
Calculate the remainder when 3662117 is divided by 43.
22
What is the remainder when 6188302 is divided by 3094149?
4
What is the remainder when 569276 is divided by 142120?
796
Calculate the remainder when 564845 is divided by 2260.
2105
What is the remainder when 53544 is divided by 5455?
4449
What is the remainder when 9563212 is divided by 2015?
22
What is the remainder when 56700355 is divided by 717?
712
Calculate the remainder when 4150931 is divided by 1259.
8
What is the remainder when 1019132 is divided by 87?
14
Calculate the remainder when 189681 is divided by 21.
9
What is the remainder when 139750 is divided by 145?
115
What is the remainder when 714589737 is divided by 4943?
4942
Calculate the remainder when 71502 is divided by 14282.
92
What is the remainder when 108726 is divided by 2508?
882
Calculate the remainder when 1397464 is divided by 69873.
4
What is the remainder when 86887 is divided by 76?
19
What is the remainder when 2999128 is divided by 467?
54
What is the remainder when 446612 is divided by 1681?
1147
What is the remainder when 818027 is divided by 9095?
8572
What is the remainder when 281395546 is divided by 1596?
1594
What is the remainder when 3598747 is divided by 257053?
5
Calculate the remainder when 215223 is divided by 12652.
139
What is the remainder when 37000927 is divided by 451?
436
Calculate the remainder when 60593678 is divided by 183.
182
What is the remainder when 32969986 is divided by 1433477?
15
Calculate the remainder when 353667681 is divided by 337.
335
Calculate the remainder when 1533627 is divided by 766687.
253
What is the remainder when 226919 is divided by 2082?
2063
What is the remainder when 631791 is divided by 357?
258
What is the remainder when 647191 is divided by 30?
1
What is the remainder when 28574 is divided by 4697?
392
What is the remainder when 313931 is divided by 1891?
25
Calculate the remainder when 40732 is divided by 19948.
836
What is the remainder when 373162 is divided by 46532?
906
What is the remainder when 22418 is divided by 6692?
2342
What is the remainder when 33840280 is divided by 59?
4
What is the remainder when 1261087 is divided by 98